 = 12*r - 17*r + 90. What is the remainder when y is divided by r?
16
Let h(r) = 6*r + 318. Calculate the remainder when 35 is divided by h(-52).
5
Suppose -3*d + 101 = -19. Suppose 10*o - d = 5*o. Calculate the remainder when o is divided by 4.
0
What is the remainder when (-8)/(-68) + (-106835)/(-85) is divided by 30?
27
Let r = 2782 - 2389. What is the remainder when r is divided by 36?
33
Suppose 0 = -3*a - 4*h - 122, 2*h = -2*a + 4*h - 86. Let c = a - -57. Calculate the remainder when c is divided by 2.
1
Suppose 83 = 3*k + 5*j, -3*j = -4*j - 5. Suppose -17 - 19 = -t. Suppose -3*m + 14 = 2*s, -3*s = s + 4*m - t. Calculate the remainder when k is divided by s.
10
Suppose -6*g = -g. Suppose -w + 75 = 4*k, -2*k + g*w + 5*w = -43. Calculate the remainder when k is divided by 10.
9
Calculate the remainder when 26 is divided by ((-10)/6)/5 + 70/3.
3
Suppose -67 - 653 = -8*j. Let l(b) = -19*b**2 - b - 1. Let o be l(-1). Let v = 42 + o. What is the remainder when j is divided by v?
21
Let x = -71 - -135. Calculate the remainder when x is divided by 10.
4
Let c(w) = 3*w**2 + 97*w + 55. Calculate the remainder when c(-32) is divided by 1.
0
Suppose -20*a + 3136 = 8*a. What is the remainder when a is divided by 8?
0
Suppose 3*v + 5*h = 27, -5*h + 2*h - 36 = -4*v. Suppose -23 = -v*b - 5. Suppose 28 = -d + 5*d. Calculate the remainder when d is divided by b.
1
Suppose 0*t = -4*t + 16. Suppose -9*l + 182 = t*l. Calculate the remainder when 40 is divided by l.
12
Let k(a) = a**2 - 8*a + 4. Let v be k(8). Suppose 33 = -v*u + 15*u. What is the remainder when 9 is divided by u?
0
Suppose -g - 2*b - b + 13 = 0, 0 = -g - b + 7. Suppose 2*i = -k - k + 20, g*k + i = 46. Suppose -k = -4*a + 4. What is the remainder when 10 is divided by a?
2
Calculate the remainder when (-6)/4*(-13570)/177 is divided by 46.
23
Suppose -2*g = a - 8 - 24, g = 4*a + 25. Calculate the remainder when g is divided by 9.
8
Let f = 24 - 16. Suppose 24 = 4*u - f. Suppose 4*c - 4*w - 100 = 0, -2*w - 175 = -5*c - 7*w. Calculate the remainder when c is divided by u.
6
Let k be 4/(-16) + (-17)/(-4). Suppose 0 = -k*t + 3*l + 198, -4*t + l + 100 = -2*t. Calculate the remainder when t is divided by 11.
7
Suppose -c = -i - 39, -3*c - i + 123 = -10. Let y = 51 - c. What is the remainder when 53 is divided by y?
5
Let g = -30 + 2. Let u = 64 + g. What is the remainder when u is divided by 13?
10
Suppose 0 = -4*k + 63 + 245. Suppose 0 = 3*s + 2*x + 3*x - k, s - 33 = 2*x. Calculate the remainder when 67 is divided by s.
9
Let u = 448 - 328. What is the remainder when 236 is divided by u?
116
Calculate the remainder when (-356)/(-7)*(-1512)/(-144) is divided by 67.
65
Suppose 3*r - 155 = -4*m, 0*r - 270 = -5*r + 5*m. Let f(s) = 3*s**3 - 4*s**2 + 3*s - 5. What is the remainder when r is divided by f(2)?
8
What is the remainder when 204 is divided by (210/49)/(-15) + 296/7?
36
Suppose -2 = -r + n, -4 = -4*r - r + 3*n. Let m be (r/2)/(9/(-36)). Suppose m*v = 9*v - 133. What is the remainder when v is divided by 7?
5
Let y(b) = -b**2 - 15*b + 17. Let c be y(-16). Calculate the remainder when 728/32 + c/4 is divided by 6.
5
Let b(q) = -q**2 - 4*q - 4. Let h = -9 + 5. Let v be b(h). What is the remainder when 66/v*6/(-3) is divided by 9?
6
Let v = 304 + -227. Calculate the remainder when 1538 is divided by v.
75
Suppose -2*p - 44 - 60 = -5*v, 2*v = 3*p + 35. Suppose 0 = -3*j + 3*l + 42, -3 = 5*j + 2*l - 45. What is the remainder when v is divided by ((-5)/j)/((-1)/24)?
10
Suppose -10*m + 108 = -13*m. Let a = -57 + m. Let n = a + 152. What is the remainder when n is divided by 12?
11
What is the remainder when 1/(3/(-98))*(-6)/4 is divided by 9?
4
Suppose 4*b + 3*v + 28 = 0, 2*b + 4 = 4*v + 12. Let a(t) = t + 13. What is the remainder when 26 is divided by a(b)?
8
Calculate the remainder when 415 is divided by (-53)/(-2) - 126/252.
25
Let b(o) = -o + 4. Let i(w) be the second derivative of w**4/12 - 8*w**3/3 - 12*w**2 + w. Let g be i(17). What is the remainder when 42 is divided by b(g)?
9
Suppose -18*d - 28 = -4*d. Let s(u) = -u**3 - 2*u**2 - 4*u - 5. Calculate the remainder when s(d) is divided by (-17)/(-5) - (-4)/(-10).
0
Let g be 94/4*(-5 + -9). Calculate the remainder when (g/(-28))/((-2)/(-8)) is divided by 24.
23
Suppose -5 = b - 3, -5*y + 235 = -5*b. Suppose 2*t = 5*t - y. Calculate the remainder when 23 is divided by t.
8
Let x(s) = 313*s - 3420. What is the remainder when 80*1*(-1)/(-1) is divided by x(11)?
11
Let n = 623 - 582. What is the remainder when 161 is divided by n?
38
Suppose -7*f + 5 = -6*f. Suppose 4*r - 5*c = 14, -r - f = 3*c - 17. Suppose -22 = -q - 0. Calculate the remainder when q is divided by r.
4
Suppose -4*u + 2*m = -354, -5*u + 350 + 94 = -m. Calculate the remainder when u is divided by 23.
20
Let g(u) = 40*u**2 - 18*u - 18. What is the remainder when g(-2) is divided by 59?
1
Let x be 6/4 - (-12)/24. Suppose j = -2*q + 105, j - 86 - 19 = x*q. What is the remainder when j is divided by 36?
33
Suppose 4*g - 91 = u, 3*g + 5*u = -2*g + 145. Let k = -12 + g. Let r = 8 + -3. What is the remainder when k is divided by r?
2
Let v(g) = 5*g**3 - 4*g**2 + g + 1. Calculate the remainder when v(3) is divided by 13.
12
Let a be (-7)/(-4) + 6/24. Let w be (-1)/1*(a - 7). Suppose -w*n + 106 + 149 = 0. What is the remainder when n is divided by 13?
12
Let g(f) = f**3 + 8*f**2 - 8*f + 22. Calculate the remainder when 39 is divided by g(-9).
0
Let z = -21 + 54. Let l = 52 - 40. Calculate the remainder when z is divided by l.
9
Suppose -4*u - 10 = u. Let x = -21 - -11. Calculate the remainder when 22 is divided by u/x + (-216)/(-45).
2
Let v = 0 - -48. Let c = v - 34. Calculate the remainder when 69 is divided by c.
13
Let j be 59 + 1 + 2/1. Suppose 3*u - j = u. Let y = 1823 - 1815. Calculate the remainder when u is divided by y.
7
Suppose 6*o - 36 = -210. Let c = o - -37. Calculate the remainder when 0 - (1 - 15) - -1 is divided by c.
7
Suppose -5 = -5*r + 95. Let w be 4/(-22) - 816/(-11). Calculate the remainder when (2/(-4)*w)/(-1) is divided by r.
17
Suppose k - 3*k + 6 = 0. Let j(m) = m**3 + 2*m - 6. Calculate the remainder when j(k) is divided by 6.
3
Let w be (20/25)/(4/(-20)). What is the remainder when 18 is divided by 2*((-14)/w - 1)?
3
Suppose -5*p - 4*i + 13 = -5*i, -i = -2*p + 7. Suppose 27 - 171 = -4*g + 2*c, 8 = -p*c. What is the remainder when g is divided by 12?
10
Let z(x) be the third derivative of -x**5/60 + x**4 + 29*x**3/6 + 28*x**2. Calculate the remainder when 14 is divided by z(25).
2
Let y = -14 + 81. Calculate the remainder when 334 is divided by y.
66
Let x(d) = d + 33. Let i be x(-14). Suppose -8*u - 242 = -i*u. What is the remainder when u is divided by 6?
4
Suppose 3*b - 27 = -3*i, 3*b - 33 = 2*i + 4. What is the remainder when 52 is divided by b?
8
Let c(d) = 3*d + 7. Let v be c(-5). Let f = -7 - v. What is the remainder when (1 - f) + 21 + -1 is divided by 11?
9
Let a(j) = 11*j + 10. Let y(z) = -7*z - 7. Let n(v) = -5*a(v) - 8*y(v). Let w be n(-3). What is the remainder when w - 52/(-4 - 0) is divided by 9?
7
Let t = -30 - 68. Let z = -85 - t. Calculate the remainder when 36 is divided by z.
10
Let p(x) = -57*x**3. Let q be 3/(-4) + 8/(-32). What is the remainder when p(q) is divided by 12?
9
Calculate the remainder when 12 is divided by 81/(-9)*16/(-18).
4
Suppose -6*k + 3615 + 1887 = 0. What is the remainder when k is divided by 51?
50
Suppose -w - 2*w + 22 = 2*k, 3*w - 38 = -4*k. Let d be 9*(2 + k/(-6)). Let t = d - 2. What is the remainder when 15 is divided by t?
3
Suppose -48*o = -160 - 992. Calculate the remainder when 140 is divided by o.
20
Suppose -381 = -4*u + 279. Calculate the remainder when u is divided by 24.
21
Let k(f) = -f**3 + f**2 - 3*f + 4. Calculate the remainder when k(-7) is divided by 21.
18
Calculate the remainder when 55 is divided by 66/11 - (-3 + 2).
6
Suppose -2035 = -8*s - 115. Suppose 0 = 19*o - 7*o - s. Calculate the remainder when 79 is divided by o.
19
Let m = -27 - -47. Calculate the remainder when 39 is divided by m.
19
Suppose 13*u = -296 + 998. What is the remainder when 374 is divided by u?
50
Let j(c) = 2*c**2 - c - 4. Let n(w) = -4*w - 2. Let o be n(-2). Calculate the remainder when j(o) is divided by 4/(-8)*6 + 2